5
What is the thousands digit of 86519069?
9
What is the ten thousands digit of 10091439?
9
What is the ten millions digit of 87321290?
8
What is the billions digit of 3550299971?
3
What is the ten thousands digit of 5358372649?
7
What is the units digit of 53717821?
1
What is the hundreds digit of 134352767?
7
What is the tens digit of 1542666090?
9
What is the hundred millions digit of 5687200436?
6
What is the units digit of 2079665854?
4
What is the units digit of 107425366?
6
What is the ten millions digit of 208599949?
0
What is the tens digit of 54634545?
4
What is the billions digit of 1750210690?
1
What is the tens digit of 47134300?
0
What is the millions digit of 301087583?
1
What is the hundred thousands digit of 63956189?
9
What is the ten thousands digit of 89234356?
3
What is the units digit of 1199897488?
8
What is the millions digit of 4024360578?
4
What is the ten thousands digit of 314155362?
5
What is the hundred millions digit of 3016725528?
0
What is the millions digit of 838791395?
8
What is the hundred thousands digit of 35991570?
9
What is the millions digit of 54169978?
4
What is the hundred thousands digit of 272307447?
3
What is the millions digit of 593604639?
3
What is the units digit of 166892809?
9
What is the billions digit of 1163699830?
1
What is the ten thousands digit of 86139033?
3
What is the hundred millions digit of 2532131387?
5
What is the billions digit of 2871042600?
2
What is the hundred millions digit of 340778560?
3
What is the hundred thousands digit of 85223770?
2
What is the units digit of 5032738378?
8
What is the ten thousands digit of 853708975?
0
What is the ten thousands digit of 1459182149?
8
What is the tens digit of 549571520?
2
What is the thousands digit of 205699579?
9
What is the ten thousands digit of 1165455990?
5
What is the ten thousands digit of 127833957?
3
What is the tens digit of 292158943?
4
What is the thousands digit of 1521829159?
9
What is the millions digit of 102915584?
2
What is the thousands digit of 462142?
2
What is the ten thousands digit of 202352958?
5
What is the units digit of 14226008?
8
What is the tens digit of 201709202?
0
What is the tens digit of 149746400?
0
What is the hundreds digit of 2212880240?
2
What is the hundreds digit of 107016747?
7
What is the tens digit of 29849395?
9
What is the ten millions digit of 141175908?
4
What is the millions digit of 114970376?
4
What is the hundred millions digit of 2122120782?
1
What is the hundreds digit of 18799092?
0
What is the ten millions digit of 54254756?
5
What is the millions digit of 519598291?
9
What is the hundreds digit of 735638549?
5
What is the ten millions digit of 877102316?
7
What is the thousands digit of 37707742?
7
What is the ten millions digit of 11310546?
1
What is the ten millions digit of 507184000?
0
What is the hundreds digit of 31473249?
2
What is the hundreds digit of 31025274?
2
What is the thousands digit of 3143608614?
8
What is the units digit of 1247931783?
3
What is the ten millions digit of 26962093?
2
What is the hundreds digit of 75816492?
4
What is the ten millions digit of 100412364?
0
What is the ten thousands digit of 107867065?
6
What is the hundred millions digit of 362428562?
3
What is the units digit of 243778078?
8
What is the thousands digit of 61652131?
2
What is the tens digit of 122669867?
6
What is the hundreds digit of 682071454?
4
What is the tens digit of 60140637?
3
What is the hundred millions digit of 343505099?
3
What is the tens digit of 2673256737?
3
What is the hundreds digit of 121904842?
8
What is the thousands digit of 201264933?
4
What is the billions digit of 1066289441?
1
What is the hundred thousands digit of 61792193?
7
What is the tens digit of 724890842?
4
What is the thousands digit of 1279843372?
3
What is the thousands digit of 3831808237?
8
What is the hundred millions digit of 3429541435?
4
What is the ten millions digit of 720703807?
2
What is the thousands digit of 95495896?
5
What is the units digit of 91826052?
2
What is the thousands digit of 679689687?
9
What is the thousands digit of 355967558?
7
What is the hundred thousands digit of 1229731046?
7
What is the hundreds digit of 793134418?
4
What is the thousands digit of 27168476?
8
What is the hundreds digit of 91092321?
3
What is the ten millions digit of 1105304971?
0
What is the ten millions digit of 2679307739?
7
What is the millions digit of 59974520?
9
What is the millions digit of 1888524381?
8
What is the ten millions digit of 1801332606?
0
What is the tens digit of 40899014?
1
What is the hundred thousands digit of 47080610?
0
What is the ten millions digit of 201318121?
0
What is the thousands digit of 404893847?
3
What is the tens digit of 5926750790?
9
What is the tens digit of 5454525?
2
What is the tens digit of 832194840?
4
What is the hundred millions digit of 390435728?
3
What is the hundred thousands digit of 134992110?
9
What is the ten millions digit of 51896208?
5
What is the hundreds digit of 2120591553?
5
What is the units digit of 505189060?
0
What is the tens digit of 95605566?
6
What is the millions digit of 240011338?
0
What is the millions digit of 118861105?
8
What is the millions digit of 595309535?
5
What is the hundreds digit of 681418956?
9
What is the thousands digit of 7560312?
0
What is the hundreds digit of 753407448?
4
What is the hundred thousands digit of 1045261817?
2
What is the hundred millions digit of 103639642?
1
What is the hundred millions digit of 338810595?
3
What is the billions digit of 1203522138?
1
What is the hundred millions digit of 700794532?
7
What is the tens digit of 70829985?
8
What is the ten thousands digit of 469285692?
8
What is the tens digit of 239911148?
4
What is the millions digit of 43130600?
3
What is the ten millions digit of 1008767915?
0
What is the tens digit of 628423196?
9
What is the ten millions digit of 586269267?
8
What is the ten millions digit of 484490046?
8
What is the hundreds digit of 592213698?
6
What is the ten millions digit of 6176773668?
7
What is the tens digit of 186772141?
4
What is the ten millions digit of 538940205?
3
What is the hundred thousands digit of 566787812?
7
What is the thousands digit of 12435749?
5
What is the tens digit of 209722828?
2
What is the hundreds digit of 4552483?
4
What is the hundred millions digit of 4887461786?
8
What is the hundred thousands digit of 2888644966?
6
What is the tens digit of 148844785?
8
What is the ten millions digit of 780274961?
8
What is the millions digit of 694870398?
4
What is the ten thousands digit of 2694442777?
4
What is the hundreds digit of 429673514?
5
What is the hundred millions digit of 1986743843?
9
What is the units digit of 42768184?
4
What is the ten thousands digit of 3026929580?
2
What is the thousands digit of 45287103?
7
What is the tens digit of 10208451?
5
What is the hundred thousands digit of 279151049?
1
What is the units digit of 535617503?
3
What is the thousands digit of 405475735?
5
What is the millions digit of 1159187798?
9
What is the tens digit of 23528094?
9
What is the ten millions digit of 513886873?
1
What is the units digit of 41018687?
7
What is the ten thousands digit of 2471880019?
8
What is the tens digit of 163602991?
9
What is the tens digit of 155559160?
6
What is the ten millions digit of 921974531?
2
What is the hundreds digit of 2575050?
0
What is the thousands digit of 5745445049?
5
What is the thousands digit of 3097113300?
3
What is the thousands digit of 1500901790?
1
What is the tens digit of 88161423?
2
What is the tens digit of 140224685?
8
What is the billions digit of 4443571441?
4
What is the millions digit of 324710804?
4
What is the ten millions digit of 2991119823?
9
What is the ten millions digit of 33543707?
3
What is the millions digit of 165601281?
5
What is the ten millions digit of 1566307675?
6
What is the ten millions digit of 4725137776?
2
What is the hundred thousands digit of 332974747?
9
What is the thousands digit of 20837426?
7
What is the units digit of 613174131?
1
What is the units digit of 300266863?
3
What is the hundred millions digit of 501357280?
5
What is the ten millions digit of 360760733?
6
What is the tens digit of 723372491?
9
What is